 3.
11011111000
49276a (base 13) to base 8
6525656
55801 (base 10) to base 2
1101100111111001
Convert -5672c3 (base 14) to base 3.
-12112100002012
-30131113323 (base 4) to base 9
-6127146
What is -959657 (base 10) in base 11?
-5a6006
What is 12605561 (base 8) in base 11?
1657495
Convert -5b1d (base 15) to base 16.
-4bb2
What is -737363 (base 10) in base 9?
-1343422
Convert 21001011 (base 3) to base 2.
1010000001110
What is 133231430 (base 5) in base 6?
22325132
1220051 (base 7) to base 9
257115
What is 21102001220221 (base 3) in base 12?
139ab2a
Convert f4bb (base 16) to base 3.
10011221102
1314102 (base 5) to base 15
7b37
What is -5d358 (base 14) in base 6?
-4521254
Convert 1000111100011101110011 (base 2) to base 10.
2344819
-52690 (base 15) to base 11
-169400
Convert 4d54ba (base 15) to base 2.
1110001010101000100111
What is 150221 (base 10) in base 14?
3ca61
1db252 (base 14) to base 5
233133010
a8ca19 (base 14) to base 15
77ee54
Convert -505176 (base 8) to base 15.
-3451b
8a4f6e (base 16) to base 11
5131165
-76745a (base 12) to base 4
-13022233012
-15043121 (base 6) to base 9
-871054
Convert 12012211211 (base 3) to base 7.
605230
-861c2c (base 15) to base 3
-110000101101120
-350762 (base 8) to base 16
-1d1f2
What is -391743 (base 10) in base 14?
-a2a99
Convert 10110001101010011110 (base 2) to base 6.
23333010
211102111201 (base 3) to base 13
125bc0
Convert -10110101212 (base 3) to base 4.
-100213322
What is -13030133213 (base 4) in base 14?
-371555
Convert 110011100100001000001 (base 2) to base 14.
31daa5
Convert -4267b (base 12) to base 10.
-87359
What is 113221332110 (base 4) in base 10?
6201236
Convert 3002301 (base 4) to base 11.
9402
Convert 428ab (base 13) to base 7.
1010144
Convert -456043 (base 8) to base 7.
-1212621
1747910 (base 10) to base 4
12222233012
-1232004 (base 5) to base 14
-8a68
What is 120100101210 (base 3) in base 13?
a7673
60492 (base 11) to base 15
1b306
What is 1494730 (base 11) in base 5?
1123204423
-1313132 (base 4) to base 16
-1dde
What is -22312 (base 15) in base 10?
-108692
Convert -3d3e (base 16) to base 14.
-59dc
What is 828ba2 (base 15) in base 2?
10111101011000110110101
1032312311 (base 4) to base 3
121102001212
1178421 (base 9) to base 10
642592
Convert 10442032 (base 7) to base 9.
1623044
What is 144545c (base 13) in base 16?
623c4b
Convert -1110101010000111001 (base 2) to base 12.
-1b1b61
What is -33440432 (base 5) in base 14?
-7a011
231220103 (base 5) to base 8
3754672
What is -88c943 (base 14) in base 2?
-10001101101111100111111
Convert 130214 (base 8) to base 4.
23002030
2659762 (base 11) to base 8
21417507
What is -252102234 (base 6) in base 13?
-1012468
Convert 101000100110010001010 (base 2) to base 11.
829537
Convert -19ac7b (base 13) to base 7.
-5355110
What is -356207 (base 8) in base 12?
-5a71b
What is 2132013001 (base 4) in base 15?
cbd47
Convert 52352215 (base 6) to base 13.
414491
1000101101100110101001 (base 2) to base 8
10554651
What is 2c2002 (base 15) in base 13?
598b41
41324321 (base 6) to base 14
230c41
What is -561260 (base 8) in base 6?
-4015252
Convert 1053036 (base 8) to base 13.
9c47a
What is 605203 (base 9) in base 2?
1010111011011011000
What is -4357352 (base 8) in base 6?
-41034042
What is 1084481 (base 9) in base 7?
4664035
Convert 1001001101100001 (base 2) to base 10.
37729
Convert -373472 (base 11) to base 15.
-b9d16
What is -113533 (base 10) in base 13?
-3c8a4
Convert 1000000111001101001 (base 2) to base 12.
109a09
Convert 1022301311 (base 4) to base 14.
7d8a1
What is -242027 (base 8) in base 14?
-22343
What is 3522528 (base 10) in base 9?
6558000
What is -11631261 (base 8) in base 4?
-21303022301
What is 486ae3 (base 15) in base 13?
94432b
What is 81a77 (base 11) in base 2?
11101001111001001
-ab4da (base 15) to base 7
-4425256
-5353465 (base 7) to base 16
-9f2a7
-17da600 (base 14) to base 5
-11011303303
Convert 2b214 (base 12) to base 2.
1110110101110000
Convert 100032011313 (base 4) to base 16.
40e177
What is 11112110100 (base 3) in base 12?
437b3
-340431 (base 6) to base 7
-146413
What is 2526415 (base 7) in base 12?
138a81
Convert 520233254 (base 6) to base 16.
88fee2
4010231233 (base 5) to base 2
11110001000011100111111
What is 751b2 (base 15) in base 5?
43343032
Convert 135030 (base 6) to base 14.
4918
Convert 1090282 (base 11) to base 7.
22116015
What is 2421113 (base 6) in base 13?
45c0c
What is 2433b (base 14) in base 13?
3134a
4170277 (base 8) to base 15
16de3c
Convert 1010110 (base 6) to base 7.
256632
Convert -900246 (base 10) to base 14.
-196114
3132122130 (base 4) to base 5
213123004
7707767 (base 10) to base 4
131121301313
Convert -134d34 (base 14) to base 7.
-5444364
1cab3a (base 13) to base 15
e8988
What is -80b33 (base 13) in base 6?
-4534341
Convert -a25901 (base 12) to base 14.
-4a17b3
What is 331100023 (base 4) in base 11?
161553
What is -2152442 (base 6) in base 9?
-174338
-213481 (base 11) to base 2
-1010011010100111101
4548475 (base 10) to base 7
53442601
What is 24003304 (base 5) in base 16?
35844
Convert -559840 (base 15) to base 4.
-33210220323
What is 1052b64 (base 13) in base 11?
2899560
What is -9262c (base 13) in base 9?
-440061
What is -216533316 (base 7) in base 16?
-c8acea
What is -1001130041 (base 5) in base 13?
-541517
What is 3619a (base 11) in base 13?
1a969
What is 9a3860 (base 12) in base 5?
1112001011
236110253 (base 7) to base 3
1000201010112202
d7182c (base 15) to base 11
5859064
Convert -11110111011111 (base 3) to base 5.
-1101342213
1100100111010000 (base 2) to base 15
10494
Convert daa9b (base 15) to base 4.
2221133333
-165992 (base 10) to base 8
-504150
What is 83549 (base 16) in base 14?
100077
4477a (base 16) to base 7
2245421
Convert 7b7370 (base 15) to base 4.
112133223021
Convert -111313331 (base 5) to base 9.
-833713
Convert 3a989 (base 12) to base 14.
2169b
What is a693c (base 13) in base 16?
4954c
-5a63c (base 15) to base 16
-4661a
Convert -3244422 (base 5) to base 13.
-1c79c
What is -132023133331 (base 4) in base 7?
-124150240
What is -20101603 (base 7) in base 11?
-a37652
-20211110001 (base 4) to base 14
-427d73
-23424235 (base 6) to base 4
-2303110133
What is -5437062 (base 9) in base 5?
-1221340433
-f667e (base 16) to base 2
-11110110011001111110
111101011011101111100 (base 2) to base 4
13223131330
Convert -169422 (base 10) to base 2.
-101001010111001110
Convert 3b674 (base 15) to base 16.
2e7fb
-202120230 (base 4) to base 15
-2bae9
Convert 2123133 (base 4) to base 5.
304301
Convert 2223b6 (base 13) to base 9.
1455825
-77829 (base 11) to base 8
-334243
-101111111011100101 (base 2) to base 11
-124558
What is 229366 (base 10) in base 2?
110111111111110110
What is 186189a (base 11) in base 7?
35530216
What is 223550 (base 8) in base 3?
10211201220
-c0426a (base 13) to base 11
-257a466
Convert -4312544 (base 7) to base 11.
-328a80
What is -cd3ba (base 14) in base 16?
-79708
Convert 2893352 (base 11) to base 5.
2232431322
Convert 10a074 (base 13) to base 9.
658524
What is 2013444 (base 6) in base 8?
272304
What is 10528a (base 11) in base 13?
5b648
What is -431a9c (base 14) in base 8?
-10524232
What is 443dac (base 15) in base 4?
30122033130
-342737 (base 8) to base 11
-7a329
Convert 1122302120 (base 4) to base 16.
5ac98
What is -11100021 (base 4) in base 10?
-21513
Convert 52130 (base 12) to base 15.
21be6
What is -12113300 (base 5) in base 8?
-335647
39867 (base 13) to base 5
11410033
Convert -43d32 (base 14) to base 15.
-33b0d
What is 1087202 (base 10) in base 7?
12145454
-c7c2e (base 15) to base 9
-1165448
Convert -344544200 (base 6) to base 16.
-6181c8
Convert -263d08 (base 16) to base 10.
-2505992
Convert 272704 (base 8) to base 10.
95684
What is 66a73 (base 14) in base 6?
5200513
Convert 4a3209 (base 13) to base 12.
718934
What is 5118413 (base 9) in base 7?
32124135
-100001200120 (base 3) to base 13
-63264
c4b572 (base 15) to base 12
31709a5
What is -225100001 (base 6) in base 5?
-2031111121
What is -255445144 (base 7) in base 4?
-332032331032
What is -482652 (base 11) in base 8?
-2725551
Convert 12271711 (base 8) to base 6.
134120533
What is 13949a (base 13) in base 4?
1310211300
What is -11031013311 (base 4) in base 3?
-2120022200220
Convert -3662320 (base 7) to base 6.
-14015254
What is -27c0 (base 14) in 